common factor of t and g.
16
Let c = 23 - 11. Let a = -6 + c. What is the highest common factor of a and 8?
2
Suppose 51 = -0*u + u + 5*p, p = -u + 35. Let q be ((-3)/3)/(-1)*u. What is the greatest common divisor of 93 and q?
31
Suppose o - 32 = -3*o. Let a = 3 - -3. Let v be 95/a - (-1)/6. Calculate the highest common factor of o and v.
8
Let n = -456 - -771. Let b(l) = l**2 + 4*l - 10. Let j be b(-9). What is the greatest common factor of j and n?
35
Let b be (24/(-14))/((-11)/154). What is the highest common divisor of 168 and b?
24
Let f be 58/(-145) - 527/(-5). What is the greatest common factor of f and 45?
15
Let d(y) = 5*y - 23. Let w be d(4). Let f be (6 + w - (-1 + 7))/(-1). What is the highest common divisor of f and 9?
3
Suppose -2*v = 5*k - 2, 0 + 9 = -v - 5*k. Let q = -12 + v. Let m be 2 - (-1 + q + -1). Calculate the greatest common divisor of m and 55.
5
Let y = 126 + -80. Calculate the greatest common divisor of y and 115.
23
Suppose 0 = -4*l - 20, 0*g + 2*g - 5*l = 91. Let n be 0 + -4 + 7 + g. Let o = 13 + -1. What is the greatest common divisor of n and o?
12
Let c be -18*160/210*-84. Calculate the highest common divisor of 72 and c.
72
Let c(n) = n**2 - 5*n - 4. Let j(y) = 2*y**3 - 2*y**2 + y - 4. Let s be j(2). Let g be c(s). Calculate the highest common factor of g and 6.
2
Let f = 11 - -13. Let n(b) = -b**3 + 6*b**2 - 3*b + 6. Let v be n(5). Let p = v - 0. What is the highest common divisor of p and f?
8
Let z be (-3 + 5 - 4)/2 - -81. Calculate the highest common divisor of 20 and z.
20
Let o be (80/50)/(1/20). What is the highest common divisor of o and 40?
8
Let k be (-798)/(-154) - 2/11. Let b(z) = 5*z**2 + 7*z + 2. Let a be b(k). What is the greatest common divisor of a and 18?
18
Let m(h) = -2*h**2 + 29*h - 58. Let l be m(10). What is the greatest common factor of 18 and l?
2
Let t = 768 - 452. Let p = -129 + t. Calculate the highest common divisor of 17 and p.
17
Suppose 4*h - 8 = 0, 0*n + n = 2*h + 1. Let k be (1 + 3 + -6)*(n + -7). Calculate the highest common divisor of k and 10.
2
Let j(f) = -34*f + 4. Let g be j(-4). Suppose -7*n = -2*n - g. Let l = 46 + -39. Calculate the highest common divisor of n and l.
7
Let z = -187 + 238. Calculate the highest common divisor of 68 and z.
17
Let c be 7/77 - (-33257)/77. Calculate the highest common factor of 48 and c.
48
Let p(a) = 3*a**2 + 47*a + 42. Let k be p(-15). Suppose -2*b - 3*i = -20 - 169, 0 = -4*b - 2*i + 382. What is the greatest common factor of b and k?
12
Suppose -34 = -7*n - 13. Suppose 4*g - n*g - 48 = 0. Calculate the greatest common divisor of g and 12.
12
Let j be (11 - -14) + (-8 - -4). What is the greatest common divisor of 399 and j?
21
Let p(f) = -f**3 - 8*f**2 + 18*f - 16. Let o be p(-10). Calculate the highest common factor of 628 and o.
4
Suppose 0 = b + 4*l + 21, 2*l - 7 = 3*b - 0*b. Let f = b - -24. Let h = f + -13. Calculate the greatest common factor of 60 and h.
6
Let r be ((-11)/((-330)/(-96)))/((-4)/150). What is the highest common divisor of 30 and r?
30
Let o = 61 - -58. Let y = o + -65. Suppose -94 = -5*l + 4*a, 0*l - 71 = -4*l - a. What is the greatest common factor of y and l?
18
Suppose 0 = 5*y + 2*m - 156, -2 = 4*m - 3*m. Calculate the greatest common factor of y and 160.
32
Suppose -12*a + 8 = -40. Suppose 0 = 4*y - 20, y - 80 = -5*d - 3*y. Calculate the greatest common factor of d and a.
4
Let s = 6 - 13. Let m be (5 + s)/((-1)/60). Calculate the highest common divisor of m and 48.
24
Let t = -60 - -112. Suppose -5*v - t = -157. Calculate the highest common factor of 231 and v.
21
Let p(n) = -4*n - 26. Let r be p(-7). Let m be ((-56)/20 - r)/(8/(-20)). What is the greatest common factor of 132 and m?
12
Let o = 723 + -698. Calculate the greatest common factor of o and 100.
25
Let h = -169 - -358. What is the highest common factor of 7 and h?
7
Let m be 11120/72 - (246/(-54) + 5). What is the greatest common factor of m and 56?
14
Let u = -11 - -28. Let m(a) = -14*a + 316. Let q(o) = 3*o - 63. Let i(p) = 2*m(p) + 11*q(p). Let v be i(19). Calculate the greatest common divisor of u and v.
17
Let p = 187 + -107. Let y = 148 - 132. What is the highest common factor of y and p?
16
Suppose -2*c + h = -60, c - 5*c + 120 = -4*h. Let o = c - 29. What is the greatest common factor of 11 and o?
1
Suppose 21*l - 5*g + 190 = 23*l, -3*g + 366 = 4*l. Calculate the highest common divisor of 24 and l.
6
Let f(o) = 3*o**2 - 51*o + 8. Let j be f(20). What is the greatest common divisor of 141 and j?
47
Suppose 6 = 3*l - 7 - 11. Let b(f) = -f - 4. Let n be b(-6). What is the highest common factor of l and n?
2
Let a = -735 + 1283. Suppose -6 = 3*s - 2*c - a, -s + 164 = -4*c. What is the highest common divisor of 23 and s?
23
Let w be 82 + 196/56*(-4)/(-7). Suppose 0 = 2*m + 5*g - 102, -m + 5*m = -g + 222. What is the highest common divisor of w and m?
28
Let m(c) = -c**3 + 19*c**2 + 44*c + 2. Let b be m(21). Calculate the highest common factor of b and 44.
44
Suppose 2*y + 28 = 2*q - 2*y, 50 = 4*q - 2*y. Calculate the highest common divisor of 42 and q.
6
Suppose 0*l = -4*l + 4. Let j be 4 + 20 - (l + -1). What is the greatest common divisor of j and 16?
8
Let h be (4/(-3))/((-4)/390). Let z(s) = -26*s + 26. Let r be z(-7). Suppose -u + r = 3*u. Calculate the highest common divisor of u and h.
26
Suppose 0 = -1324*o + 1332*o - 264. What is the highest common factor of o and 627?
33
Let k = -209 + 224. What is the greatest common divisor of k and 705?
15
Suppose 20*x - 62 + 2 = 0. What is the greatest common divisor of 27 and x?
3
Let b(u) = 23*u**3 - 8*u**2 + 7*u + 2. Let l be b(3). What is the highest common factor of 44 and l?
44
Let n(r) = 2*r - 9. Let v be n(6). Suppose v*w + 2*b = 24, 2*w + 3 - 8 = -5*b. Suppose -7*o + 90 = -o. Calculate the highest common factor of o and w.
5
Suppose -4*f - 4*h - 8 = 0, -7*f + 4*h = -2*f - 26. Suppose 4*b - 62 = f*q, -b + q + 82 = 4*b. Calculate the highest common divisor of b and 68.
17
Let d(p) = -4*p**2 - 9*p - 4. Let j(a) = a**2. Let f(z) = -2*d(z) - 6*j(z). Let q be f(-9). What is the greatest common factor of q and 88?
8
Let w = 18 - 16. Suppose -2*m - 22 = -j, -5*j = -9*j + w*m + 58. Calculate the greatest common divisor of j and 24.
12
Suppose -13*v + 20 = -3*v. What is the greatest common factor of 4 and v?
2
Let u(y) = 3 - 10*y**2 + 24*y + y**3 + 3*y**2 + 27*y**2 + 5*y**2. Let h be u(-24). Calculate the greatest common divisor of h and 33.
3
Let w = 103 + -122. Let c = w - -154. Calculate the highest common factor of c and 15.
15
Let f = 1517 + -7. Calculate the highest common divisor of 10 and f.
10
Suppose -d + 8 = d. Suppose 2*g + 0*g - 127 = -3*z, -199 = -3*g + d*z. Calculate the highest common factor of 13 and g.
13
Suppose -6*s + 2 + 22 = 0. Suppose 0*c = s*c - 68. Let k be 1/(((-2)/306)/(-1)). What is the greatest common factor of k and c?
17
Suppose 0 = 2*t + 4, 3*x + 0*x - 2*t = 10. Suppose x*o - 3 - 61 = 0. What is the greatest common divisor of o and 48?
16
Suppose 0 = -5*s + 10*s + 375. Let o = 126 + s. Calculate the highest common factor of o and 3.
3
Let n be 12/(-30) + (-17)/(-5). Let g be ((-6)/(-4))/(n/6). Suppose -13 - 26 = -g*w. What is the highest common divisor of w and 65?
13
Suppose 0 = -2*n - 22 + 58. Let w(v) = 8*v**2 - 13*v - 4. Let q be w(4). What is the highest common divisor of n and q?
18
Suppose -5*w + 2*w + 33 = 0. Let v be (-2)/13 + 504/(-104). Let i be 2/v - (-1548)/20. What is the greatest common factor of i and w?
11
Let n be ((-10)/(-4))/(9/990). What is the greatest common factor of n and 75?
25
Let n be ((-20)/(-15))/(2/21). Suppose 5*h - 23 - 3 = -3*q, -h + n = 5*q. Let g be 16/(-10)*(-5)/q. Calculate the greatest common factor of 4 and g.
4
Let r = -43 - -77. Let p(h) be the second derivative of -h**5/20 - h**4/2 + h**2 + 6*h. Let k be p(-7). Calculate the greatest common divisor of k and r.
17
Suppose 51*n - 42*n - 1944 = 0. Calculate the greatest common divisor of 486 and n.
54
Suppose -4*h - 3*j + 90 = -h, -48 = -2*h + 2*j. Let k = 40 + -45. Let g(x) = -x**2 - 4*x + 8. Let y be g(k). Calculate the highest common factor of y and h.
3
Let m be 18/6 - (-3)/(-1). Suppose m*r + 160 = r. Calculate the greatest common factor of r and 40.
40
Suppose 127 = 2*d